+ 38603*n**3 - 21*n**2 - 38631*n**3. Calculate g(1).
-26
Let z(w) = -w**3 - 11*w**2 + 26*w - 17. Suppose -3*n = -15, -38*n + 42*n + 28 = -4*v. Calculate z(v).
-185
Let a(l) = -33*l - 70. Let p(u) = -61*u - 67. Let x(b) = 5*a(b) - 4*p(b). Calculate x(1).
-3
Let f = -93 + 90. Let a(x) = 2*x**2 + 6*x - 11. Let c(o) = -3*o**2 - 9*o + 17. Let d(i) = 8*a(i) + 5*c(i). Give d(f).
-3
Let y be (0 - 4) + (-180)/(-5). Let k = 27 - y. Let h = k - -6. Let g(d) = 4*d**3 - d + 1. What is g(h)?
4
Let n(w) = 2*w**2 - 6 - 3 + 4*w - 3*w**2. Let i(o) = o**2 - 2*o + 9. Let q(r) = 7*i(r) + 6*n(r). Calculate q(-6).
-15
Let w(d) be the second derivative of d**5/4 + d**3/6 + 38*d**2 - 26*d - 1. Let a(c) be the first derivative of w(c). Determine a(1).
16
Let k(u) = -12*u - 33. Let b be k(-3). Suppose -13 = q - 5. Let i(n) = 2*n. Let v(o) = 6*o + 1. Let j(m) = b*v(m) + q*i(m). What is j(-3)?
-3
Suppose 226*s = -583 - 1451. Let u(g) = -3*g**3 - 31*g**2 + 27*g + 31. Let d(a) = 2*a**3 + 21*a**2 - 18*a - 21. Let y(x) = 7*d(x) + 5*u(x). Determine y(s).
8
Let c be (2 - (-66)/(-18))*-111. Let k = -174 + c. Let x(p) = p**2 - 13*p + 18. Calculate x(k).
-4
Let j(b) = b**2 + 8*b - 7. Suppose 71*u + 2180 = 76*u. Let h = -445 + u. What is j(h)?
2
Let s(p) be the first derivative of -p**4/4 + 10*p**3/3 - 7*p**2 + 38*p + 6483. What is s(8)?
54
Let n(o) = 2*o**2 - 2*o + 1. Let g(r) = -184*r - 8. Let v be g(2). Let f be 64/48 + (v/3)/4. Let y be (3/5)/(-4 + (-129)/f). Determine n(y).
5
Let c(y) = y**2 + y. Let q(u) = 3*u**2 + 3*u. Let m(n) = -2*c(n) + q(n). Suppose 0 = 3*j + 4*v - 49, 0*j + 5*j = 5*v + 70. Let h = 12 - j. Calculate m(h).
6
Let n(y) be the first derivative of 15/4*y**4 - 1/3*y**3 - 69 - y - y**2. Suppose 2*o + 1 = o. Calculate n(o).
-15
Let a(p) = -13*p**2 - 121*p - 7. Let x(j) = 3*j**2 + 32*j + 1. Let m(k) = -a(k) - 4*x(k). Suppose o - 15 = -2*d - 1, 3*o - 7 = -d. What is m(d)?
3
Let i be (-3 - -2)*(-2 - (-5 - -64)). Suppose 64 = -j + i. Let h(w) = w**2 + 3*w + 7. Determine h(j).
7
Let x(s) be the first derivative of -s**3/3 + s**2 + 41*s + 6356. Determine x(7).
6
Let r(p) = -p**2 + 54*p - 426. Let w(y) = -y**2 + 1. Let n(q) = r(q) - 2*w(q). Calculate n(7).
-1
Let c(n) = -n**2 + 11*n - 8. Let b(k) = 2*k - 2. Let q be b(-2). Let i(m) = 2*m**2 + 8*m - 16. Let w be i(q). Give c(w).
16
Let r(a) = a**3 + a**2 - a - 1. Let k(v) = 4*v**3 + 6*v**2 - 7*v - 6. Let o(h) = -k(h) + 3*r(h). Suppose 32*y + 132 = -y. What is o(y)?
3
Let o(k) = -k**3 + 10*k**2 + 2*k - 13. Let i = -78 + 88. Let a be o(i). Suppose 3*f - t = 5 - 19, f + 2*t + a = 0. Let p(v) = -v**2 - 5*v - 6. Calculate p(f).
-6
Let i(b) be the first derivative of -b**4/8 - b**3 - 3*b**2 + 4*b - 17. Let j(o) be the second derivative of i(o). Determine j(-4).
6
Suppose -t = -4*x + 100, 3*x + 2*t = 57 + 18. Let n be 20/x*(-45)/6. Let y(i) = -i**3 - 5*i**2 + 7*i - 2. Give y(n).
-8
Let r(c) = -39*c**2 + 47*c - 9. Let k(b) = -41*b**2 + 56*b - 10. Let q(p) = 5*k(p) - 6*r(p). Calculate q(2).
116
Let y be 26/(-195) + (-96)/(-45). Let p(h) = -h**2 + 7*h - 7*h + 9*h**y - 2*h + 5*h**2. Calculate p(1).
11
Let l be (-9)/8 + -1*14/(-112). Let p(x) = 6*x**3 - x - 2. What is p(l)?
-7
Let j(z) = -24. Let a(q) = q + 1. Let h(n) = 5*a(n) + j(n). Let c be h(5). Suppose 0 = c*x - x + 5. Let m(p) = -5*p**2 - 2*p - 1. Give m(x).
-4
Let t(i) = 2*i. Let b be t(-5). Let x(m) = 3*m**3 - 23*m**2 + 15*m + 48. Let l(d) = -d**3 + 11*d**2 - 8*d - 20. Let u(v) = -5*l(v) - 2*x(v). Give u(b).
4
Let q(n) = -n**3 + 3*n**2 - n - 3. Let d be q(4). Let w = d + 24. Suppose 3*k - k - 4 = 2*c, 3*c - w = -4*k. Let v(r) = r**3 + r**2 + 2*r + 1. What is v(c)?
-1
Let u(n) = -4*n**2 - n**3 + 5*n**2 + 0*n**2. Let p = 224 - 211. Let r(v) = v - 11. Let h be r(p). What is u(h)?
-4
Suppose 13*h - r = 18*h - 43, -h + 5*r - 7 = 0. Let j be (-78)/(-24) + (-5)/4. Let w(b) = 2*b - 8 + 0 + b**2 - 6*b - j*b. What is w(h)?
8
Let z be (24/(-63))/((-24)/396) - 2/7. Let c(n) be the first derivative of -7/3*n**3 + 5*n + 2*n**2 + 1/4*n**4 - 4. Determine c(z).
-7
Suppose 257 = 15*x + 92. Let k be (-1)/x + 5005/(-847). Let h(s) = 3*s + 14. Give h(k).
-4
Let h(v) = 4*v + 10. Let l be ((-7)/(-5))/((-293)/(-1465)). Determine h(l).
38
Let u(g) be the third derivative of -g**8/20160 + g**7/5040 + 7*g**6/720 + 5*g**5/6 - 25*g**2. Let o(s) be the third derivative of u(s). Determine o(0).
7
Let u(c) be the first derivative of 27*c**4/4 + c**3/3 - c - 1. Let o(b) = 1716*b + 18877. Let a be o(-11). Determine u(a).
27
Let x(c) = -6*c**2 - 33*c - 12. Let j(a) = a**3 - 8*a**2 - 29*a + 240. Let b be j(6). Determine x(b).
-30
Let s(l) = -l**2 + 5*l + 3. Let h = 94 + -99. Let v be -1*(-2 + 0 - h). Let z = v + 7. Calculate s(z).
7
Let l = 5052 - 5054. Let f(k) be the first derivative of -k**2/2 - 3*k + 6. Calculate f(l).
-1
Let s(u) = -7*u + 52. Let g be s(8). Let f(x) be the first derivative of 3*x - 3/2*x**2 + 11. Determine f(g).
15
Let c(u) be the second derivative of u**5/20 + u**4/12 - u**3 + 2*u**2 - 2784*u. Determine c(1).
0
Suppose r + 3*r - 24 = -4*f, 4*r = -5*f + 29. Suppose 0 = -27*x + 27 + 135. Let s(t) = -5*t + x*t + r + 4*t + t. Give s(-2).
-11
Let m be ((-117)/(-6))/3 - 8/16. Let j(t) = 9 + t**3 - 5*t + m*t - 3 - t**2. Suppose -5*o + 29 - 25 = w, -2*w = 3*o - 8. Calculate j(o).
6
Let k(b) be the first derivative of -10*b**3/3 - b**2 + 2*b - 1. Let i = -164988 - -164986. Calculate k(i).
-34
Let i(l) = 383*l - 112 - 100*l - 290*l. Determine i(-15).
-7
Let j(n) = n**2 + 7*n + 1. Suppose 10 - 16 = -2*x. Let u be (-1)/(-2)*(x + -5 + -10). Determine j(u).
-5
Let n(y) be the first derivative of y**4/4 + 5*y**3 - 7*y**2 + 25*y + 181. Let r be n(-16). Let s(b) = 6*b - 1. Calculate s(r).
-43
Let v(w) = 2*w + 3 - w**2 - 2*w + 4*w. Let i = 884 - 894. Let m be (-1 - i/15)*-3 - -3. Calculate v(m).
3
Let v(q) be the third derivative of 5*q**4/24 - 95*q**3/3 - 3*q**2 + q - 476. What is v(38)?
0
Let n be 1 + 5 - (-30 + 5 - -32). Let j(w) = -4*w**2 - 7*w + 9. Let b(x) = -2*x**2 - 3*x + 4. Let p(t) = -7*b(t) + 3*j(t). What is p(n)?
1
Let j(h) = -10*h**3 + h**2 - h + 2. Suppose -10*i - 12 + 31 = 9. Determine j(i).
-8
Suppose 5 - 11 = 2*s. Let k be (-16)/(-6) + (-6)/9. Let b(a) = a + 3*a + 2 + a + 2*a**k. Calculate b(s).
5
Let j = 71 + -66. Let s(l) = -2*l**3 + 47*l**2 + 4*l + 17. Let q(a) = a**3 - 22*a**2 - 2*a - 8. Let k(d) = 13*q(d) + 6*s(d). What is k(j)?
13
Let w(r) be the second derivative of r**5/20 - 11*r**4/12 - r**3/2 + 25*r**2/2 - 164*r + 7. Calculate w(11).
-8
Let w(h) = -h**2 - 14*h + 35. Let s = -56 - -40. Let o be w(s). Let z(d) be the first derivative of 5*d**2/2 - 3*d + 250. Determine z(o).
12
Let k(u) = -3*u - 3. Let j(r) = r - 1. Let i(h) = -6*j(h) - 3*k(h). Give i(-17).
-36
Let z = 31 - 30. Suppose -3*g - 2*q + 3 = 0, -2*g + 0*g - 2*q = -2. Let r(w) = 4 - 4 + 8*w**2 + g - 21*w**2. Determine r(z).
-12
Let d(x) = -9*x**3 - 7*x**2 - 5*x - 40. Let y(b) = -5*b**3 - 4*b**2 - 3*b - 22. Let p(i) = -6*d(i) + 11*y(i). Determine p(-3).
16
Suppose 143 = 97*f - 245. Let y(c) = c**3 - c**2 + c + 1. Let a(v) = -7*v**3 + 10*v**2 - 3*v - 11. Let t(i) = a(i) + 6*y(i). Calculate t(f).
7
Suppose 0 = -11*t + 24 - 35. Let x(p) = -p**3 - p**2 - 5*p + 6. Let a(n) = 2*n**3 + n**2 + 4*n - 5. Let o(l) = 5*a(l) + 4*x(l). What is o(t)?
-6
Let k be 48/6 + (-6 - 2). Let z(p) be the third derivative of k*p + 0 - 1/6*p**3 - 6*p**2 + 1/8*p**4. Determine z(1).
2
Let y(k) = -6*k**3 - 8*k**2 - 13*k - 5. Let l(q) = 5*q**3 + 8*q**2 + 12*q + 6. Let p(i) = 5*l(i) + 4*y(i). Let z be 55*(-1)/8 - (-23)/(-184). Give p(z).
3
Let l(y) = -510*y + 1534*y - 512*y - 515*y - 28. What is l(-8)?
-4
Let v(s) = -19*s**2 + 7*s - 8. Let j(x) = 6*x**2 - x + 1. Let q(p) = -4*j(p) - v(p). What is q(-2)?
-10
Let k(a) be the second derivative of -19*a**3/2 + 2*a**2 + 5935*a. Calculate k(0).
4
Let q(a) be the first derivative of 4*a + 0*a**2 + 1/4*a**4 - 16 + 5/3*a**3. Let g be -3*12/9 - (2 - 1). Give q(g).
4
Let i(b) be the first derivative of 8*b**3/3 + b**2/2 + 2*b - 3815. Determine i(-2).
32
Let q be (-2)/12 + (-26)/(-12). Let h(n) = -2*n**q + 2*n**2 + 11*n - 11 - 2*n**2 + n**2. Let c = 35 + -25. What is h(c)?
-1
Let f(v) = -v**2 + 31*v - 88. Let l be f(28). Let t be l + (2 - 0)*-2. Let s(g) = -3*g - 18. Calculate s(t).
6
Let w(k) = 2*k. Let c(q)